{"id":373,"date":"2013-09-16T21:35:57","date_gmt":"2013-09-16T19:35:57","guid":{"rendered":"http:\/\/sc-buervenich.de\/?page_id=373"},"modified":"2019-08-19T14:11:13","modified_gmt":"2019-08-19T12:11:13","slug":"e-jugend","status":"publish","type":"page","link":"http:\/\/sc-buervenich.de\/?page_id=373","title":{"rendered":"Jugendmannschaften"},"content":{"rendered":"<p>Der SC B\u00fcrvenich, der SSC Schwerfen, der SV Sinzenich sowie der SC Enzen-D\u00fcrscheven haben sich um Jugendbereich zur SG Eifelland 2019 e.V. zusammengeschlossen.<br \/>\nS\u00e4mtliche Informationen zum Verein und zu den Jugendmannschaften unter <a href=\"http:\/\/www.sg-eifelland2019.de\" rel=\"noopener\" target=\"_blank\">www.sg-eifelland2019.de<\/a>.<\/p>\n","protected":false},"excerpt":{"rendered":"<p>Der SC B\u00fcrvenich, der SSC Schwerfen, der SV Sinzenich sowie der SC Enzen-D\u00fcrscheven haben sich um Jugendbereich zur SG Eifelland 2019 e.V. zusammengeschlossen. S\u00e4mtliche Informationen zum Verein und zu den &#8230;<\/p>\n","protected":false},"author":1,"featured_media":0,"parent":42,"menu_order":0,"comment_status":"closed","ping_status":"closed","template":"","meta":{"footnotes":""},"class_list":["post-373","page","type-page","status-publish","hentry"],"_links":{"self":[{"href":"http:\/\/sc-buervenich.de\/index.php?rest_route=\/wp\/v2\/pages\/373","targetHints":{"allow":["GET"]}}],"collection":[{"href":"http:\/\/sc-buervenich.de\/index.php?rest_route=\/wp\/v2\/pages"}],"about":[{"href":"http:\/\/sc-buervenich.de\/index.php?rest_route=\/wp\/v2\/types\/page"}],"author":[{"embeddable":true,"href":"http:\/\/sc-buervenich.de\/index.php?rest_route=\/wp\/v2\/users\/1"}],"replies":[{"embeddable":true,"href":"http:\/\/sc-buervenich.de\/index.php?rest_route=%2Fwp%2Fv2%2Fcomments&post=373"}],"version-history":[{"count":88,"href":"http:\/\/sc-buervenich.de\/index.php?rest_route=\/wp\/v2\/pages\/373\/revisions"}],"predecessor-version":[{"id":3553,"href":"http:\/\/sc-buervenich.de\/index.php?rest_route=\/wp\/v2\/pages\/373\/revisions\/3553"}],"up":[{"embeddable":true,"href":"http:\/\/sc-buervenich.de\/index.php?rest_route=\/wp\/v2\/pages\/42"}],"wp:attachment":[{"href":"http:\/\/sc-buervenich.de\/index.php?rest_route=%2Fwp%2Fv2%2Fmedia&parent=373"}],"curies":[{"name":"wp","href":"https:\/\/api.w.org\/{rel}","templated":true}]}}

<p>Der SC Bürvenich, der SSC Schwerfen, der SV Sinzenich sowie der SC Enzen-Dürscheven haben sich um Jugendbereich zur SG Eifelland 2019 e.V. zusammengeschlossen.<br />
Sämtliche Informationen zum Verein und zu den Jugendmannschaften unter <a href="http://www.sg-eifelland2019.de" rel="noopener" target="_blank">www.sg-eifelland2019.de</a>.</p>

<p>Der SC Bürvenich, der SSC Schwerfen, der SV Sinzenich sowie der SC Enzen-Dürscheven haben sich um Jugendbereich zur SG Eifelland 2019 e.V. zusammengeschlossen. Sämtliche Informationen zum Verein und zu den &#8230;</p>
